st derivative of -27*t**2/2 + 82*t - 266. Determine n(3).
1
Let x be 6 + (-1)/(-1) + 7 + -9. Let y(m) = m**2 - 7*m + 5. Let v be y(x). Let k(j) = -j**3 - 6*j**2 - 5*j - 4. Calculate k(v).
-4
Let a(z) = z**3 - 4*z**2 - 5*z + 8. Let r(s) = 3*s**3 - 12*s**2 - 17*s + 27. Let n(q) = 7*a(q) - 2*r(q). Determine n(4).
-2
Let t(q) = q**3 - 8*q**2 - 9*q - 11. Let d = 398 + -389. Give t(d).
-11
Let p(h) = 16*h**2 + 5*h - 1. Let s(q) = 26*q**2 + 8*q - 2. Let g(a) = 8*p(a) - 5*s(a). What is g(2)?
-6
Let w(u) = u**3 - 4*u**2 - 8*u - 3. Let i(m) = m**2 + 11*m - 2. Let s be i(-12). Suppose 4 = -4*n, 6*n = f + s*n - 2. What is w(f)?
21
Let n(f) be the third derivative of -7/24*f**4 - 2/3*f**3 + 0 - 1/60*f**5 + 4*f**2 + 0*f. What is n(-6)?
2
Let l(m) be the first derivative of m**4/4 + 2*m**3 - m**2/2 + 6*m + 142. Determine l(-6).
12
Let p(o) = o**2 - 20*o - 8. Suppose 436 = 25*g - 64. Calculate p(g).
-8
Let h(s) = s + 10. Let x be h(-5). Let m(o) = o**3 - 7*o**2 + 4*o + 4. Calculate m(x).
-26
Let d be (5/2)/((-4)/(-8)). Let b(v) = -v**3 + 4*v**2 - 4*v + 8. Let y(r) = -r**3 + 3*r**2 - 3*r + 7. Let a(m) = d*y(m) - 4*b(m). Determine a(-3).
18
Suppose 0 - 3 = -s. Let k(q) = 13*q + 3. Let u(v) = 45*v + 10. Let m(c) = -10*k(c) + 3*u(c). Determine m(s).
15
Let a(s) be the third derivative of s**9/60480 + s**8/6720 + s**7/5040 - s**6/360 - s**5/12 + 12*s**2. Let c(h) be the third derivative of a(h). Give c(-4).
-22
Let n(h) = -h - 3. Let b(c) = -2*c + 13. Let j(d) = -2*d + 4. Let t be j(-3). Let r be b(t). What is n(r)?
4
Let w = 73 - 67. Let k(m) = -4*m + 17. Calculate k(w).
-7
Let f(s) = -s - 7. Let x(l) = -l**2 + 13*l + 3. Let n be x(13). Let b(d) = 2*d + 14. Let p(t) = n*b(t) + 5*f(t). Calculate p(-6).
1
Let h(q) be the third derivative of -q**9/60480 - q**8/5040 + q**7/720 + q**6/120 - 13*q**5/60 + 25*q**2. Let r(y) be the third derivative of h(y). Give r(-5).
-4
Let t(x) = -3*x + 1. Let q(k) = 17 - 22 + 13 + 14*k + 2*k**2. Let a be q(-7). Suppose 0*y + y + 16 = 5*b, 0 = -3*b + 5*y - a. Calculate t(b).
-11
Let k be 234/91 + 8/(-14). Let v be -2*k/4*1. Let a(u) = 7*u**2 - 2*u - 1. Let s(x) = -x**2. Let t(n) = -a(n) - 2*s(n). Calculate t(v).
-6
Let z(j) = 3*j + 4. Let x be 2/(2/8*4). Let g be 9/(-6)*1*x. Calculate z(g).
-5
Let k(v) = 3*v**3 - v**3 - v**3 + 3 + 5*v - 12*v**2 + 19*v**2. Give k(-6).
9
Let b be -1 + (-6)/(-8) - (-324)/(-48). Let f(l) = -l**3 - 6*l**2 + 7*l - 3. Determine f(b).
-3
Suppose 0 = 21*g - 79 - 47. Let n(v) be the third derivative of 1/6*v**3 + 2/15*v**5 - v**2 + 7/24*v**4 + 1/120*v**g + 0*v + 0. Give n(-7).
1
Let q(m) be the second derivative of -m**5/20 - 7*m**4/12 + m**3/3 + 3*m**2 + 169*m. Determine q(-7).
-8
Suppose -3 - 21 = -4*j. Suppose 24 = -j*a - 12. Let z(g) = g**3 + 7*g**2 + 7*g + 8. Calculate z(a).
2
Let s be (-7 - 282/(-42)) + 19/(-7). Let r(b) be the second derivative of -b**4/6 - b**3/3 - 3*b**2/2 + b. Give r(s).
-15
Let x(i) = -8*i**2 - 35 - 31 - i**3 + 63 - 8*i. Let g(w) = -w**2 - w. Let j(b) = 6*g(b) - x(b). Calculate j(-2).
-1
Let f(z) = 8 - 9*z**2 + 17*z**2 + 12*z + 2*z - 9*z**2. Determine f(12).
32
Let f = -526 - -530. Let v(l) = 5*l**2 + 0*l**2 - 1 - 3*l + 3*l**3 - 4*l**3. Give v(f).
3
Let a be (-1)/3 + (-5)/(-15). Suppose a = -r + 5*r. Let j(f) = 2*f**2 + f - 2*f**2 + f**3 + r*f**3 + 3 - f**2. Give j(0).
3
Let d(j) be the second derivative of 6*j**2 - 7/12*j**4 - 1/20*j**5 + 0 + 5/3*j**3 - 14*j. What is d(-8)?
-4
Let o be (-12)/(-8) - 18/(-4). Let h(p) be the first derivative of 4*p**3 - 1 - 2*p**3 + o - 3. What is h(1)?
6
Let q(w) = -2*w**2 - 6*w - 1. Suppose -3*j - 4*s - s = 32, -5*s = 5*j + 40. Calculate q(j).
-9
Suppose 65*j - 58*j = 1078. Let z = 149 - j. Let w(r) = -r**3 - 4*r**2 + 3*r - 5. Determine w(z).
5
Let b(x) = -10*x. Let m be ((-1 - -2) + -38)*(8 + -11). Let z = m + -112. Give b(z).
10
Let o(m) = 2*m - 9. Suppose -4*b - 4*y = -2*y - 20, -5*y = -b + 16. Let j be 518/(-63) - b/(-27). Let n be 42/(-49)*(1 + j). Determine o(n).
3
Let v(j) be the second derivative of j**5/20 - j**4/2 + 7*j**3/6 - 2*j**2 + 4*j. Let y be (-6 + 0)*90/(-108). What is v(y)?
6
Let d(v) be the second derivative of -v**4/12 - v**3/2 - 3*v**2 + v - 3. Give d(-4).
-10
Let l(r) = -r - 1. Let s(i) be the first derivative of i**2/2 - 11*i + 26. Let m be s(6). Determine l(m).
4
Let u be (-33)/165 - 2/48*-5. Let c(l) be the third derivative of 1/12*l**4 + 0 - 5*l**2 + 1/15*l**5 + u*l**6 - 1/3*l**3 + 0*l. Determine c(-3).
1
Let m(a) be the first derivative of -a**4/4 - 2*a**3 + 3*a**2 + 8*a - 526. What is m(-6)?
-28
Let t = 24 + -18. Let l(w) = -2*w**3 - 5*w**2 - 2*w. Let g(v) = 3*v**3 + 5*v**2 + v - 1. Let k(y) = 3*g(y) + 4*l(y). What is k(t)?
3
Let z(w) = 9 - 9 - 3*w**2 + 2*w + 0 + 1. Give z(-1).
-4
Let k(l) = l + 5. Let g = -96 - -107. Determine k(g).
16
Let z(q) = 10 - 1 - 598*q + 599*q. Calculate z(-5).
4
Let y be 2/2*(13 - -3)*6. Let u = y - 95. Let g(c) = 13*c**3 - c**2 + 1. What is g(u)?
13
Let u(h) = 14*h - 6 - 23*h + 8*h - 2. Determine u(-5).
-3
Let f(r) = -r**2 + 7*r + 9. Suppose o + 35 = -4*o. Let l(j) = -j**2 - 4*j + 29. Let n be l(o). Calculate f(n).
1
Let k(x) = -2*x. Suppose 4*v + 15 = 9*v. Let d(q) = -12*q + 6. Let a be d(v). Let o = -28 - a. What is k(o)?
-4
Let v(d) = -d - 8. Suppose 3*x - 5*h + 5 = -0, -2*x - 16 = 3*h. Give v(x).
-3
Let v(h) be the third derivative of -h**4/12 + 5*h**3/6 + 80*h**2. Suppose 1 = 5*l - 9, 0 = -4*s - 2*l + 24. Calculate v(s).
-5
Let p(g) = -5*g**2 + 4*g - 1. Suppose -11*k = -2*h - 14*k + 7, -5*h - 4*k + 14 = 0. Determine p(h).
-13
Let v(w) = -w - 2. Let n(o) = 7. Let x(s) = 6. Let u(d) = -5*n(d) + 6*x(d). Let f(b) = -5*u(b) - 3*v(b). Give f(-2).
-5
Let f = 258 - 256. Let p(t) = -2*t**3 + 2*t**2 - t - 1. Determine p(f).
-11
Let s(d) = 3*d**3 - 99*d**2 - d + 36. Let u be s(33). Let k(n) = -n. Calculate k(u).
-3
Suppose -4*v = 43 - 63. Let d(x) be the second derivative of 0*x**3 - 6*x + 0*x**4 + 0 + 1/2*x**2 + 3/20*x**v. Give d(1).
4
Let o be (-162)/(-39) + (-4)/26. Let i(f) = 0*f + 2*f - f**2 + 2 + 0. Determine i(o).
-6
Suppose -116*t - 25 = -111*t. Let p(b) = b + 10. Calculate p(t).
5
Suppose -5*m = 2*i - 71 - 67, -4*i = 5*m - 136. Suppose u = -3*u - g + 21, m = 5*u + 3*g. Let y(s) = s**3 - 6*s**2 + 6*s - 5. What is y(u)?
0
Let t(d) be the first derivative of 5*d**2/2 - 31*d - 343. Give t(7).
4
Let k(h) = 4*h**3 + 5*h**2 + h + 4. Let y(r) = r**3 + r**2 + 1. Let m(w) = -2*k(w) + 10*y(w). Give m(2).
14
Suppose -30 = -3*o + 93. Suppose 0 = -4*g + 5*i - 6 + o, 9 = 3*g + 2*i. Suppose g = f - 2. Let x(k) = -k**2 + 5*k + 10. Give x(f).
-4
Let a(v) = -v + 1. Let u(d) = 6*d**2 + 63*d + 24. Let f(w) = 2*w**2 + 21*w + 8. Let n(m) = -7*f(m) + 2*u(m). Let y be n(-10). Calculate a(y).
-1
Suppose 975 = 30*v + 825. Let j(s) be the second derivative of -s**4/12 + 7*s**3/6 - 2*s**2 + s. Give j(v).
6
Let k = 2 + -9. Let d(j) = 160*j + 0 + 5 + 6 - 140*j. Let q(l) = 14*l + 7. Let m(f) = 5*d(f) - 7*q(f). What is m(k)?
-8
Let f(v) = v**3 + 3*v + 6. Let a be (-1 - -1)/((-42)/(-14)) + -2. Determine f(a).
-8
Let d(n) = n**2 + 10*n + 10. Suppose -5*z = 12 + 13, -13 = 3*a - 4*z. Let c = 3 + a. Determine d(c).
-6
Let b(p) be the second derivative of -p**5/20 + 2*p**4/3 - 2*p**3/3 - 4*p**2 - 44*p. Let k(w) = -w**2 - 9*w - 7. Let v be k(-7). Calculate b(v).
13
Let u(v) be the third derivative of -23*v**6/120 + v**5/60 - v**4/12 + v**3/6 - 115*v**2. What is u(1)?
-23
Let i(c) be the second derivative of -c**4/6 + c**3/6 + 3*c**2/2 + 34*c. Suppose 3*o + 0 = 9. Determine i(o).
-12
Let o(l) = 3*l**3 - l**2 + 1. Let w = -134 + 149. Suppose -14 = -b - w. Calculate o(b).
-3
Let w = -147 - -141. Let p(a) = -a**2 - 7*a - 5. Determine p(w).
1
Let n = 41 + -36. Let j(i) = n*i - 3*i - i + 11. Suppose -5*a - 23 = 5*q + 12, a = 2*q - 1. Give j(a).
6
Let c(g) = 2*g**2 - 18*g + 14. Let b be c(7). Let v(m) = -m**2 - 16*m - 33. Determine v(b).
-5
Let v(p) be the first derivative of -p**4/4 - 2*p**3 - 7*p**2/2 + 2*p + 1. Let m be (-3920)/(-50) - (0 + (-2)/(-5)). Suppose 71*t - m*t - 35 = 0. Give v(t).
12
Let g = 17 + -14. Let a(v) = 3*v**2 + 6*v - 4. Let i(o) = -17*o - 10*o**2 + 13 - 2 + 2*o**2. Let s(p) = 11*a(p) + 4*i(p). Give s(g).
3
Let x(b) = b**2 - b - 5. Let c = 11 + -12. Let r(z) = -6*z**3 - z**2 + z + 1. Let h be r(c). Let l be (